*i - 65*i. What is the tens digit of u(-14)?
9
Suppose -11*y + 10*y = 9. Let j(c) = c + 14. Let h be j(y). Suppose -r - 3*r = -16, 95 = h*u + 5*r. What is the tens digit of u?
1
Let m be (3 - 7)/2*-2. Suppose m*v - 5 = 11. Let y(a) = a**3 - 5*a**2 + 6*a - 5. What is the units digit of y(v)?
3
Let c be (3/(-2))/((-15)/20). Let n be (-1)/(-4) - 118/(-8). Suppose n = c*o + 3*o. What is the units digit of o?
3
Suppose -2*h - 2*s = -1374, 5*s = -2*h - 0*s + 1389. What is the hundreds digit of h?
6
Let w(o) = -51*o - 102. What is the tens digit of w(-13)?
6
Let d = -700 - -705. Let z(p) be the third derivative of p**5/30 - 5*p**4/12 + 7*p**3/2 + p**2. What is the units digit of z(d)?
1
Let l(w) = -w**2 + 7*w - 8. Let m be l(5). Suppose 4*g = 4*s - 36, -7*s + m*s + 45 = g. Suppose r - 11 = s. What is the units digit of r?
0
Suppose -2*t = -5*f - 7649 - 421, -f = 0. What is the units digit of t?
5
Let q(c) = c**3 - 2*c**2 - 4*c + 3. Let r be q(3). Suppose 0 = 2*u - 3*z + 6, -3*u + z - 2 = r. Suppose 0 = -u*k + k - 22. What is the units digit of k?
2
Let d be -2 - (0 - 4)*1. What is the units digit of d/(-3) + 1860/9?
6
Suppose 5 + 1 = -3*c, 4*c = -4*q. Suppose -4*a - 4*p = -16, -3*a - q*p = -1 - 10. Suppose 0 = t + a*t - 92. What is the units digit of t?
3
Let y(d) = 16*d**2 + 3*d + 1. What is the tens digit of y(4)?
6
Let z be -4 + (-25)/(-10)*2. Let x(y) be the third derivative of 23*y**4/24 - y**2. What is the tens digit of x(z)?
2
Suppose -4*b - j = -5703, -2*b - b = -j - 4279. What is the units digit of b?
6
Let f(q) = 4*q**2 - 6*q + 3. Let m be f(2). Suppose -m*j = 4*j - 2321. What is the units digit of j?
1
Suppose 0 = 4*l - 5 - 15, -y + l + 533 = 0. What is the units digit of y?
8
Let v(f) = 8*f**3 + 38. What is the thousands digit of v(8)?
4
Suppose 39 = 2*u + 3*m - 51, -3*u + 145 = 2*m. Suppose -c + u = -r, c + 251 = 6*c - r. What is the units digit of c?
0
Suppose 23*f - 1022 = 13629. What is the hundreds digit of f?
6
Suppose 174*q + 5285 = 179*q. What is the tens digit of q?
5
Let t = -1102 - -1102. Let b(d) = -50*d. Let q be b(-2). Suppose t = -8*y + 12*y - q. What is the units digit of y?
5
Let o(m) = -m**3 + 3*m**2 - 2*m + 6. Let a be o(-4). Let t = a + -96. What is the tens digit of t?
3
Let c = -140 - -209. Let h = 148 - c. What is the units digit of h?
9
Suppose 3*t - 4*f + 1279 - 397 = 0, -305 = t - 5*f. Let l = t - -439. What is the tens digit of l?
4
Let n(z) = -9 - z + 3*z**2 + 11 - 4. Let v be n(2). Suppose 3*p = -p + v. What is the units digit of p?
2
Suppose 4*l = -3*b + 22, -b + 6 = l - 2. Suppose -d + b = d. What is the units digit of d?
5
Suppose -37*w = -33*w + 24. What is the units digit of (3/(w - -12))/(2/28)?
7
Suppose 140*a + 21654 = 149*a. What is the thousands digit of a?
2
Let j = 31 - 29. Let o(g) = -g**2 + 3*g - 3. Let c be o(j). Let s = 6 + c. What is the units digit of s?
5
What is the hundreds digit of -22 + 146 + (-2)/4*6?
1
Suppose -4*n = b - 5956, -16*b = 2*n - 14*b - 2972. What is the hundreds digit of n?
4
Let j = 1821 + 2819. What is the thousands digit of j?
4
Let k be 449/4 - 15/(-20). Let j = 0 - -5. Suppose j*w - k = 67. What is the units digit of w?
6
Let c(t) = -2*t**2 + 16*t - 6. Let h(q) = -8*q - 1. Let s be h(-1). What is the units digit of c(s)?
8
Let y = -1 + 1. Let p(l) = 11 - 6 + 12 - 2*l. What is the tens digit of p(y)?
1
Suppose -46 - 434 = -15*p. Let d = 71 - p. What is the tens digit of d?
3
Suppose 5*s = -2 + 7. Suppose 0 = 4*c - s - 39. Let v(q) = q - 2. What is the units digit of v(c)?
8
Suppose -4*b + 1733 - 461 = 0. What is the hundreds digit of b?
3
Suppose 0 = 2*s, -1346 = -p - 2*s + 6*s. What is the tens digit of p?
4
Suppose -3954 - 4008 = -6*o. What is the tens digit of o?
2
Let r = 5 + -5. Let p = r - -12. What is the tens digit of p/4 - (-104)/4?
2
Let n = 264 + -157. Let q = n - 21. What is the tens digit of q?
8
Let l = 47 - 117. Let b = 50 + l. Let m = -15 - b. What is the units digit of m?
5
What is the tens digit of 86/(14/(-91)*-1)?
5
Let o be (-14)/4*54/(-63). What is the tens digit of (6 - o)/((-2)/(-34))?
5
Let f(d) = 15*d + 11. What is the tens digit of f(19)?
9
Suppose -3*w - 2*w = -70. Suppose -3*r - o + 2*o = -w, 5*r + 5*o - 10 = 0. Suppose 5*m = -r*t + 223, -4*t - 2*m + 158 + 68 = 0. What is the tens digit of t?
5
Let w be 279/39 - 10/65. Let s(o) = o**2 + 17*o + 4. What is the hundreds digit of s(w)?
1
Let w = 32 + 10. Let p = -24 + w. What is the units digit of p - (-2 - -4)/1?
6
Suppose 7 = -g + 39. Let s = 32 + 28. Suppose -2*v + s = -g. What is the units digit of v?
6
Let r(w) be the third derivative of 0 + 1/12*w**4 + 1/2*w**3 - 8*w**2 + 2/15*w**5 + 0*w. What is the units digit of r(-3)?
9
Let y(l) = 4*l**2 + 10*l + 29. Suppose 0 = o + 2*u + 3, -5*o + 0*o - 43 = -4*u. What is the tens digit of y(o)?
5
Suppose -28*q - 72 = -4*q. Let j = -42 - -78. What is the tens digit of (j/(-20))/(q/35)?
2
Suppose 2*m - 3*m = -3*v + 13, 4*m = -4*v + 28. Suppose -231 = -m*i + i - 5*l, 0 = l + 1. What is the units digit of i?
6
Let v(g) be the first derivative of 3/2*g**2 + 4 + 20*g + 1/3*g**3. What is the units digit of v(0)?
0
Let m be (1 - 3)*(-1)/2. Suppose -w + 5*o = -m - 0, 5*w = 3*o + 5. Suppose -2*z - 2*b - w = -61, -b = -5*z + 126. What is the units digit of z?
6
Let y = 23 - 19. Suppose 0*k - 5*k = y*u + 463, 2*k + 5*u = -192. What is the tens digit of (-1715)/k - (-4)/26?
1
Let v be (48/(-15))/((-3)/75). Let s be (v/(-15))/(6/(-9)). Suppose -14 = -s*k + 6*k. What is the units digit of k?
7
Let x be (25 + 0)*1/(-1). Suppose -5*o = -4*z - 40, -o + 40 = -4*z - 0*o. Let u = z - x. What is the tens digit of u?
1
Let z = 352 + -336. What is the tens digit of z?
1
Suppose 5*u - 11 = -51. What is the units digit of (-420)/u - 6/4?
1
What is the units digit of 4/(15/((-16155)/(-6)))?
8
Let o(i) = i. Let k(l) = -2. Let a(m) = -k(m) + 2*o(m). Let j be a(2). What is the units digit of ((-4)/(-2))/(j/27)?
9
Let j(a) be the third derivative of -13*a**7/5040 - a**6/720 - a**5/20 + 6*a**2. Let x(w) be the third derivative of j(w). What is the units digit of x(-1)?
2
Let w = 85 + -47. What is the tens digit of w?
3
Let b = 903 - 104. What is the hundreds digit of b?
7
Let m(y) = y + 6. Let b(w) = -1. Let r(h) = -22*b(h) - 4*m(h). What is the tens digit of r(-5)?
1
Let x(a) = -a**3 - 5*a**2 - 6*a - 6. Let d be x(-3). What is the tens digit of (2/3)/(d/(-1008))?
1
Suppose i - j + 2*j = 11, -3*j - 16 = -4*i. Suppose 3*w = 4*w + i. Let q(z) = -4*z - 5. What is the units digit of q(w)?
3
Suppose -j + 8 = -v - v, -3*j = 2*v - 8. Let m be j/6 + (-14)/(-6). Suppose -t - 4 = 0, -m*p + 4*p - 41 = 5*t. What is the tens digit of p?
2
Let n = 2 - 0. Suppose n*q = -4*a + 4, q = -a + 4*a - 18. Let j(o) = -o**2 - 8*o - 4. What is the units digit of j(q)?
8
Let v = 28 + -23. Suppose -12 = -v*d + 2*w, w = 3*w - 8. Suppose 0 = -4*i + d*t - 4 + 52, 2*t = 4*i - 38. What is the units digit of i?
7
Suppose -3*d = -4*d - 2. Let m = 193 + -190. What is the units digit of -5*(3/m + d)?
5
Suppose 2*v = 26 + 12. Let y be v/(-7) + 2/(-7). What is the units digit of -18*y/((-27)/(-15))?
0
Suppose -78*n + 10176 = -70*n. What is the thousands digit of n?
1
Suppose 4*o + 2 = -4*n + 14, 3*o = n + 17. What is the units digit of o?
5
Let s(b) = -b**2 + 3*b - 3. Let z be s(-8). Let r = 49 + z. Let t = -12 - r. What is the units digit of t?
0
Let w be -4 - (22 + -2)/(-5). Suppose -f + w*f + 989 = 4*q, -2*f = -q + 236. What is the units digit of q?
6
Let y(l) = 23*l**2 + 80*l - 6. What is the hundreds digit of y(-9)?
1
Let u(s) = 45 - 45 - 216*s + 32*s. What is the hundreds digit of u(-1)?
1
Suppose 0*z - 5*z + 30 = 5*q, 0 = 2*z + 3*q - 15. Let l be -5 + 4 + 1*108. Suppose -287 = -z*v - l. What is the tens digit of v?
6
Let b be 4/1 + 21 + -22. Suppose o + b*f = 160, -445 = -4*o - 5*f + 209. What is the hundreds digit of o?
1
Suppose 2028 + 2010 = 3*g. What is the tens digit of g/10 - (-36)/(-60)?
3
Suppose 2*m + 1792 = 2*z, 5*m - 905 + 3597 = 3*z. What is the hundreds digit of z?
8
What is the tens digit of (-7)/((-21)/(-6)) + 3747 + -23?
2
Let y be ((-12)/10)/((-45)/150). Suppose -4*s - 24 = 5*o, y*s = -o + 3*s - 5. What is the tens digit of (-76)/(-6)*(-6)/o?
1
Let k(c) = -14*c + 94. What is the tens digit o